{"id":972,"date":"2020-04-15T14:55:48","date_gmt":"2020-04-15T14:55:48","guid":{"rendered":"http:\/\/pp-legal.com\/?page_id=972"},"modified":"2020-04-15T15:46:07","modified_gmt":"2020-04-15T15:46:07","slug":"forderungseintreibung","status":"publish","type":"page","link":"https:\/\/pp-legal.com\/?page_id=972","title":{"rendered":"Forderungseintreibung"},"content":{"rendered":"<p>[vc_row css_animation=&#8221;&#8221; row_type=&#8221;row&#8221; use_row_as_full_screen_section=&#8221;no&#8221; type=&#8221;full_width&#8221; angled_section=&#8221;no&#8221; text_align=&#8221;left&#8221; background_image_as_pattern=&#8221;without_pattern&#8221;][vc_column][vc_column_text]<\/p>\n<h2>Forderungseintreibung<\/h2>\n<p>&nbsp;<\/p>\n<p>&nbsp;<\/p>\n<p>Diese \u2013 eher unbeliebte \u2013 Dienstleistung hat durchaus ihre Existenzberechtigung, denn letztendlich haben Sie als Unternehmer gleichfalls finanzielle Verpflichtungen, welchen Sie nachkommen m\u00fcssen. Zahlen Ihre Schuldner versp\u00e4tet (oder gar nicht) kann dies sehr schnell Finanz- und Liquidit\u00e4tsengp\u00e4sse bei Ihnen hervorrufen.<\/p>\n<p>&nbsp;<\/p>\n<p>&nbsp;<\/p>\n<p><strong>PP-Legal ist spezialisiert auf:<\/strong><\/p>\n<p>&nbsp;<\/p>\n<p>&nbsp;<\/p>\n<ul>\n<li><strong>Anschriftenermittlung<\/strong><\/li>\n<li><strong>Bonit\u00e4tspr\u00fcfung<\/strong><\/li>\n<li><strong>Arbeitgeberermittlung<\/strong><\/li>\n<li><strong>Verj\u00e4hrungskontrolle<\/strong><\/li>\n<li><strong>vorgerichtliche Mahnungen<\/strong><\/li>\n<li><strong>gerichtliches Mahnverfahren<\/strong><\/li>\n<li><strong>Klageverfahren<\/strong><\/li>\n<li><strong>Zwangsvollstreckungsverfahren<\/strong><\/li>\n<\/ul>\n<p>[\/vc_column_text][vc_empty_space][vc_empty_space][\/vc_column][\/vc_row]<\/p>\n","protected":false},"excerpt":{"rendered":"<p>[vc_row css_animation=&#8221;&#8221; row_type=&#8221;row&#8221; use_row_as_full_screen_section=&#8221;no&#8221; type=&#8221;full_width&#8221; angled_section=&#8221;no&#8221; text_align=&#8221;left&#8221; background_image_as_pattern=&#8221;without_pattern&#8221;][vc_column][vc_column_text] Forderungseintreibung &nbsp; &nbsp; Diese \u2013 eher unbeliebte \u2013 Dienstleistung hat durchaus ihre Existenzberechtigung, denn letztendlich haben Sie als Unternehmer gleichfalls finanzielle Verpflichtungen, welchen Sie nachkommen m\u00fcssen. Zahlen Ihre Schuldner versp\u00e4tet (oder gar nicht) kann dies sehr schnell&#8230;<\/p>\n","protected":false},"author":2,"featured_media":0,"parent":332,"menu_order":0,"comment_status":"closed","ping_status":"closed","template":"","meta":[],"_links":{"self":[{"href":"https:\/\/pp-legal.com\/index.php?rest_route=\/wp\/v2\/pages\/972"}],"collection":[{"href":"https:\/\/pp-legal.com\/index.php?rest_route=\/wp\/v2\/pages"}],"about":[{"href":"https:\/\/pp-legal.com\/index.php?rest_route=\/wp\/v2\/types\/page"}],"author":[{"embeddable":true,"href":"https:\/\/pp-legal.com\/index.php?rest_route=\/wp\/v2\/users\/2"}],"replies":[{"embeddable":true,"href":"https:\/\/pp-legal.com\/index.php?rest_route=%2Fwp%2Fv2%2Fcomments&post=972"}],"version-history":[{"count":9,"href":"https:\/\/pp-legal.com\/index.php?rest_route=\/wp\/v2\/pages\/972\/revisions"}],"predecessor-version":[{"id":1006,"href":"https:\/\/pp-legal.com\/index.php?rest_route=\/wp\/v2\/pages\/972\/revisions\/1006"}],"up":[{"embeddable":true,"href":"https:\/\/pp-legal.com\/index.php?rest_route=\/wp\/v2\/pages\/332"}],"wp:attachment":[{"href":"https:\/\/pp-legal.com\/index.php?rest_route=%2Fwp%2Fv2%2Fmedia&parent=972"}],"curies":[{"name":"wp","href":"https:\/\/api.w.org\/{rel}","templated":true}]}}